rime?
False
Is 1828945271 prime?
False
Is 963014837 prime?
False
Is 23231465483 prime?
True
Is 15857525713 prime?
True
Is 7616969209 prime?
False
Is 4531653859 a composite number?
True
Is 4138948309 a prime number?
True
Is 2472740393 composite?
True
Is 1729579777 a composite number?
True
Is 3350215577 a prime number?
False
Is 12172432091 a composite number?
False
Is 2334024359 composite?
False
Is 583073719 a composite number?
False
Is 19436312293 a composite number?
True
Is 182884907 prime?
True
Is 2049621679 a composite number?
True
Is 11588761281 a prime number?
False
Is 450231181 a composite number?
False
Is 72880487903 a composite number?
False
Is 74870642417 prime?
False
Is 37226985989 a composite number?
False
Is 35045414681 a prime number?
False
Is 63786913 a composite number?
True
Is 53265463102 a prime number?
False
Is 5435921157 a prime number?
False
Is 2630155159 prime?
False
Is 447096427 a prime number?
False
Is 1410346697 prime?
False
Is 11835084461 a prime number?
False
Is 1662958706 composite?
True
Is 716760321 prime?
False
Is 293663393119 composite?
False
Is 6028177079 prime?
True
Is 99757897 prime?
True
Is 10045020103 prime?
True
Is 925408901 a composite number?
False
Is 331407091 a prime number?
True
Is 188980499 prime?
False
Is 17535683131 a prime number?
True
Is 3519378371 prime?
True
Is 9841946927 a prime number?
False
Is 32593390631 a prime number?
True
Is 2382357683 prime?
False
Is 78448670933 composite?
False
Is 957091273 a composite number?
False
Is 17760022661 a prime number?
True
Is 7823006467 prime?
False
Is 26880746149 a prime number?
False
Is 962667697 a prime number?
True
Is 16214107433 a composite number?
False
Is 4839469003 a composite number?
True
Is 41376180851 a prime number?
False
Is 26999170239 prime?
False
Is 11291399837 composite?
False
Is 862919357 composite?
False
Is 4900477763 prime?
True
Is 181200186359 a prime number?
True
Is 1038738469 a composite number?
False
Is 268666189 composite?
True
Is 17468206577 composite?
False
Is 412033103 a composite number?
True
Is 4772649899 composite?
True
Is 166928771 a composite number?
True
Is 1871361221 prime?
False
Is 89348828999 a prime number?
True
Is 297457657 a composite number?
True
Is 132835087979 a prime number?
False
Is 7007129119 a composite number?
True
Is 3993198439 a prime number?
True
Is 995414129 a prime number?
True
Is 154454017 a composite number?
True
Is 77334414643 prime?
True
Is 472133437 prime?
True
Is 1279520941 a composite number?
True
Is 4585407283 composite?
False
Is 1235665867 a composite number?
False
Is 7568029727 a composite number?
True
Is 2223479305 a composite number?
True
Is 2291148073 a composite number?
False
Is 240596669 a prime number?
False
Is 126022893011 composite?
False
Is 821329123 prime?
False
Is 19505621287 a prime number?
False
Is 38809447 a prime number?
False
Is 1192716899 composite?
True
Is 25879970857 a prime number?
False
Is 1147933403 a composite number?
True
Is 493221409 composite?
False
Is 86054671 composite?
False
Is 8798937853 composite?
True
Is 10725572951 a composite number?
True
Is 59336543 a composite number?
True
Is 51204129 composite?
True
Is 3604883941 prime?
True
Is 99802292869 a prime number?
False
Is 40811621 prime?
True
Is 277224439 a prime number?
False
Is 5730371923 a prime number?
True
Is 295837117 composite?
True
Is 3751325969 a composite number?
False
Is 6082679003 a composite number?
False
Is 15638532269 composite?
False
Is 93285892537 a composite number?
False
Is 1437887765 composite?
True
Is 1487266415 a composite number?
True
Is 1568772497 composite?
False
Is 66477320599 composite?
False
Is 2992778587 a prime number?
True
Is 4995671437 composite?
True
Is 1146631973 prime?
True
Is 9341884151 prime?
True
Is 5297181143 a prime number?
False
Is 35651004209 composite?
True
Is 2645332927 a prime number?
False
Is 237662305 a prime number?
False
Is 834704797 prime?
False
Is 1997403446 composite?
True
Is 3533879003 a prime number?
True
Is 53282704789 a prime number?
False
Is 31403198107 prime?
True
Is 21793809273 a prime number?
False
Is 12738471847 composite?
False
Is 10056485741 composite?
False
Is 448158259 a composite number?
False
Is 13763203 a prime number?
True
Is 6923877251 composite?
True
Is 3093327403 prime?
True
Is 218634441 a composite number?
True
Is 1374540887 composite?
False
Is 9920836427 prime?
True
Is 35287472149 composite?
False
Is 1367749037 prime?
True
Is 1676256941 a composite number?
False
Is 603480443 prime?
True
Is 11486613581 composite?
False
Is 2701250969 a prime number?
True
Is 7416945671 a composite number?
False
Is 65537031355 a composite number?
True
Is 1352518369 a prime number?
False
Is 75363086377 a prime number?
False
Is 115877417443 composite?
False
Is 38204746079 prime?
True
Is 8539798291 composite?
True
Is 467546113 prime?
True
Is 2296978493 a composite number?
False
Is 644114959 prime?
False
Is 4179367119 prime?
False
Is 461446261 composite?
False
Is 893104757 composite?
False
Is 6941873693 prime?
False
Is 2025459929 prime?
True
Is 3583282099 prime?
False
Is 219769877 a composite number?
True
Is 839177231 a prime number?
False
Is 3213122331 prime?
False
Is 375078462371 composite?
True
Is 33128546579 composite?
True
Is 5446068413 prime?
False
Is 27609074677 a prime number?
True
Is 39989226811 composite?
True
Is 38473662853 prime?
False
Is 4934012653 composite?
False
Is 5315591987 a composite number?
True
Is 232706393 prime?
True
Is 1065155123 a prime number?
False
Is 61388329 a prime number?
False
Is 69726638177 prime?
False
Is 3094010981 composite?
False
Is 810461 a prime number?
False
Is 2536252393 composite?
True
Is 144843301 prime?
True
Is 49337955193 a prime number?
True
Is 28372570763 a prime number?
False
Is 5424538213 a prime number?
True
Is 42386702471 composite?
False
Is 14547116131 composite?
False
Is 1068350857 a composite number?
True
Is 60194921 composite?
True
Is 4007944099 a prime number?
True
Is 41929003 a composite number?
False
Is 1105003813 a composite number?
False
Is 2583645199 a composite number?
True
Is 37273091 composite?
True
Is 2410946305 a composite number?
True
Is 22377698041 prime?
True
Is 24422894297 prime?
False
Is 19123855159 a prime number?
True
Is 10619688833 prime?
False
Is 593609941 a composite number?
True
Is 8436453521 a composite number?
True
Is 101400731 a prime number?
True
Is 127575086923 a prime number?
True
Is 1979744959 composite?
False
Is 29890248281 a prime number?
False
Is 31350689633 prime?
True
Is 14930933813 prime?
False
Is 86675639009 prime?
False
Is 578965711 a composite number?
True
Is 17825260183 prime?
False
Is 53577690923 composite?
True
Is 222915888929 composite?
False
Is 14347558297 a composite number?
True
Is 100889918617 a composite number?
True
Is 44461841 a composite number?
False
Is 20159327801 prime?
True
Is 694134887 a composite number?
True
Is 1850147681 a composite number?
True
Is 783869407 prime?
False
Is 433658249 a prime number?
False
Is 194997587 composite?
False
Is 54563697399 prime?
False
Is 1630859257 a prime number?
False
Is 210316109 a prime number?
True
Is 96026083 a prime number?
False
Is 8259450629 prime?
False
Is 6916464421 prime?
True
Is 161846957 a composite number?
False
Is 5005938046 composite?
True
Is 5968968989 prime?
False
Is 2756449838 composite?
True
Is 198951191 composite?
True
Is 15680834339 composite?
False
Is 15878371 prime?
False
Is 5208335399 composite?
False
Is 2181820127 composite?
True
Is 32767260263 composite?
False
Is 60822938977 composite?
False
Is 21316977157 a composite number?
True
Is 12865080707 a prime number?
True
Is 381619037 prime?
False
Is 252859501699 a prime number?
False
Is 104056235783 prime?
True
Is 164322947 composite?
True
Is 36121610573 prime?
True
Is 45090700817 a prime number?
True
Is 940037303 a composite number?
False
Is 5325132171 a composite number?
True
Is 4539286769 a composite number?
False
Is 6220038129 a composite number?
True
Is 2798632337 a composite number?
False
Is 51111227159 prime?
True
Is 27057228269 a composite number?
True
Is 132395235127 a composite number?
False
Is 235843606631 composite?
False
Is 180334346821 composite?
False
Is 4088272549 prime?
True
Is 258046489 prime?
True
Is 10741042547 prime?
False
Is 604435246